{"id":82385,"date":"2025-05-24T19:31:31","date_gmt":"2025-05-24T19:31:31","guid":{"rendered":"https:\/\/movio.be\/product\/provira-vloerkleed-iza-laagpolig-scandinavisch-120x170-cm-grijs\/"},"modified":"2026-04-27T14:28:27","modified_gmt":"2026-04-27T14:28:27","slug":"provira-vloerkleed-iza-laagpolig-scandinavisch-120x170-cm-grijs","status":"publish","type":"product","link":"https:\/\/movio.be\/fr\/product\/provira-vloerkleed-iza-laagpolig-scandinavisch-120x170-cm-grijs\/","title":{"rendered":"Tapis IZA low-pile Scandinavian 120\u00d7170 cm grey"},"content":{"rendered":"<p>Avec son motif g\u00e9om\u00e9trique simple mais tridimensionnel, ce tapis moelleux ne manquera pas de faire sensation dans votre int\u00e9rieur. Durable et s\u00fbr : ce tapis est fabriqu\u00e9 en polyester 100% et a \u00e9t\u00e9 test\u00e9 pour les substances nocives conform\u00e9ment \u00e0 la norme STANDARD 100 d'OEKO-TEX. Gr\u00e2ce \u00e0 ses poils courts, doux et moelleux, ce tapis est confortable et chaud.Aspect remarquable, doubl\u00e9 : ce tapis pr\u00e9sente un motif bas-haut qui est mis en valeur par les diff\u00e9rentes intensit\u00e9s de clair et de fonc\u00e9. Ces \u00e9l\u00e9ments se combinent pour donner au tapis un aspect 3D tr\u00e8s tendance.Base antid\u00e9rapante : le tapis duveteux a une base antid\u00e9rapante qui le maintient fermement en place.Facile \u00e0 nettoyer et \u00e0 ranger : le tapis moderne est lavable en machine jusqu'\u00e0 30 degr\u00e9s, ce qui le rend plus facile \u00e0 nettoyer et \u00e0 entretenir. En outre, il est pliable et peut \u00eatre enroul\u00e9 pour faciliter le stockage et le transport.Large domaine d'application : ce tapis antid\u00e9rapant convient \u00e0 divers espaces int\u00e9rieurs dot\u00e9s d'un chauffage par le sol, notamment les salons, les chambres \u00e0 coucher, les couloirs et les bureaux.<\/p>","protected":false},"excerpt":{"rendered":"<ul>\n<li>Couleur : gris<\/li>\n<li>Mati\u00e8re : polyester 100%<\/li>\n<li>Dimensions : 120 x 170 cm (L x L)<\/li>\n<li>Hauteur de la pile : 8 mm<\/li>\n<li>Poids total : 1 400 g\/m\u00b2.<\/li>\n<li>Poils courts super doux et moelleux<\/li>\n<li>Support antid\u00e9rapant<\/li>\n<li>Lavable en machine jusqu'\u00e0 30 degr\u00e9s<\/li>\n<li>Convient aux sols chauff\u00e9s par le sol<\/li>\n<li>Test\u00e9 pour les substances nocives selon le STANDARD 100 par OEKO-TEX<\/li>\n<li>S\u00e9rie : IZA<\/li>\n<\/ul>","protected":false},"featured_media":82387,"comment_status":"closed","ping_status":"open","template":"","meta":[],"product_brand":[],"product_cat":[1637],"product_tag":[101,1840,251],"class_list":{"0":"post-82385","1":"product","2":"type-product","3":"status-publish","4":"has-post-thumbnail","6":"product_cat-scandinavische-tyl","7":"product_tag-grijs","8":"product_tag-scandinavisch","9":"product_tag-stof","10":"pa_kleur-grijs","11":"pa_materiaal-stof","12":"pa_stijl-scandinavisch","14":"first","15":"instock","16":"sale","17":"purchasable","18":"product-type-simple"},"_links":{"self":[{"href":"https:\/\/movio.be\/fr\/wp-json\/wp\/v2\/product\/82385","targetHints":{"allow":["GET"]}}],"collection":[{"href":"https:\/\/movio.be\/fr\/wp-json\/wp\/v2\/product"}],"about":[{"href":"https:\/\/movio.be\/fr\/wp-json\/wp\/v2\/types\/product"}],"replies":[{"embeddable":true,"href":"https:\/\/movio.be\/fr\/wp-json\/wp\/v2\/comments?post=82385"}],"version-history":[{"count":2,"href":"https:\/\/movio.be\/fr\/wp-json\/wp\/v2\/product\/82385\/revisions"}],"predecessor-version":[{"id":92615,"href":"https:\/\/movio.be\/fr\/wp-json\/wp\/v2\/product\/82385\/revisions\/92615"}],"wp:featuredmedia":[{"embeddable":true,"href":"https:\/\/movio.be\/fr\/wp-json\/wp\/v2\/media\/82387"}],"wp:attachment":[{"href":"https:\/\/movio.be\/fr\/wp-json\/wp\/v2\/media?parent=82385"}],"wp:term":[{"taxonomy":"product_brand","embeddable":true,"href":"https:\/\/movio.be\/fr\/wp-json\/wp\/v2\/product_brand?post=82385"},{"taxonomy":"product_cat","embeddable":true,"href":"https:\/\/movio.be\/fr\/wp-json\/wp\/v2\/product_cat?post=82385"},{"taxonomy":"product_tag","embeddable":true,"href":"https:\/\/movio.be\/fr\/wp-json\/wp\/v2\/product_tag?post=82385"}],"curies":[{"name":"wp","href":"https:\/\/api.w.org\/{rel}","templated":true}]}}

<p>Avec son motif géométrique simple mais tridimensionnel, ce tapis moelleux ne manquera pas de faire sensation dans votre intérieur. Durable et sûr : ce tapis est fabriqué en polyester 100% et a été testé pour les substances nocives conformément à la norme STANDARD 100 d'OEKO-TEX. Grâce à ses poils courts, doux et moelleux, ce tapis est confortable et chaud.Aspect remarquable, doublé : ce tapis présente un motif bas-haut qui est mis en valeur par les différentes intensités de clair et de foncé. Ces éléments se combinent pour donner au tapis un aspect 3D très tendance.Base antidérapante : le tapis duveteux a une base antidérapante qui le maintient fermement en place.Facile à nettoyer et à ranger : le tapis moderne est lavable en machine jusqu'à 30 degrés, ce qui le rend plus facile à nettoyer et à entretenir. En outre, il est pliable et peut être enroulé pour faciliter le stockage et le transport.Large domaine d'application : ce tapis antidérapant convient à divers espaces intérieurs dotés d'un chauffage par le sol, notamment les salons, les chambres à coucher, les couloirs et les bureaux.</p>

<ul>
<li>Couleur : gris</li>
<li>Matière : polyester 100%</li>
<li>Dimensions : 120 x 170 cm (L x L)</li>
<li>Hauteur de la pile : 8 mm</li>
<li>Poids total : 1 400 g/m².</li>
<li>Poils courts super doux et moelleux</li>
<li>Support antidérapant</li>
<li>Lavable en machine jusqu'à 30 degrés</li>
<li>Convient aux sols chauffés par le sol</li>
<li>Testé pour les substances nocives selon le STANDARD 100 par OEKO-TEX</li>
<li>Série : IZA</li>
</ul>
