{"id":60093,"date":"2025-05-15T15:32:07","date_gmt":"2025-05-15T15:32:07","guid":{"rendered":"https:\/\/movio.be\/product\/provira-prieel-160-g-m%c2%b2-3x3x26-m-cremekleurig\/"},"modified":"2026-04-27T14:26:08","modified_gmt":"2026-04-27T14:26:08","slug":"provira-prieel-160-g-m%c2%b2-3x3x26-m-cremekleurig","status":"publish","type":"product","link":"https:\/\/movio.be\/fr\/product\/provira-prieel-160-g-m%c2%b2-3x3x26-m-cremekleurig\/","title":{"rendered":"Arbour 160 g\/m\u00b2 3x3x2,6 m couleur cr\u00e8me"},"content":{"rendered":"<p>Ce gazebo offre un abri id\u00e9al lorsque vous recevez votre famille et vos amis pour des barbecues, des pique-niques, des f\u00eates d'anniversaire et d'autres \u00e9v\u00e9nements dans votre jardin. Ce pavillon est construit en acier massif, ce qui le rend solide et robuste pour une utilisation en ext\u00e9rieur. Le toit offre une protection contre la pluie et la lumi\u00e8re br\u00fblante du soleil, ce qui vous permet de profiter sans souci des \u00e9v\u00e9nements en plein air. Veuillez noter que ce produit ne doit JAMAIS \u00eatre utilis\u00e9 dans des conditions m\u00e9t\u00e9orologiques d\u00e9favorables, telles que des vents forts, de fortes pluies, de la neige ou des temp\u00eates.<\/p>","protected":false},"excerpt":{"rendered":"<ul>\n<li>Couleur : cr\u00e8me<\/li>\n<li>Mat\u00e9riau : tissu et acier<\/li>\n<li>Dimensions totales : 3 x 3 x 2,6 m (L x L x H)<\/li>\n<li>Hauteur de l'avant-toit : 2 m<\/li>\n<li>Toit anti-poussi\u00e8re : 160 g\/m\u00b2.<\/li>\n<li>Assemblage n\u00e9cessaire<\/li>\n<\/ul>","protected":false},"featured_media":60095,"comment_status":"closed","ping_status":"open","template":"","meta":[],"product_brand":[],"product_cat":[1296,1240,1301,1290],"product_tag":[284,321,151],"class_list":{"0":"post-60093","1":"product","2":"type-product","3":"status-publish","4":"has-post-thumbnail","6":"product_cat-buitenleven","7":"product_cat-huis-tuin","8":"product_cat-partytenten-prieelen","9":"product_cat-tuin-gazon","10":"product_tag-cremekleurig","11":"product_tag-massief","12":"product_tag-staal","13":"pa_afwerking-massief","14":"pa_kleur-cremekleurig","15":"pa_materiaal-staal","17":"first","18":"instock","19":"sale","20":"purchasable","21":"product-type-simple"},"_links":{"self":[{"href":"https:\/\/movio.be\/fr\/wp-json\/wp\/v2\/product\/60093","targetHints":{"allow":["GET"]}}],"collection":[{"href":"https:\/\/movio.be\/fr\/wp-json\/wp\/v2\/product"}],"about":[{"href":"https:\/\/movio.be\/fr\/wp-json\/wp\/v2\/types\/product"}],"replies":[{"embeddable":true,"href":"https:\/\/movio.be\/fr\/wp-json\/wp\/v2\/comments?post=60093"}],"version-history":[{"count":2,"href":"https:\/\/movio.be\/fr\/wp-json\/wp\/v2\/product\/60093\/revisions"}],"predecessor-version":[{"id":95489,"href":"https:\/\/movio.be\/fr\/wp-json\/wp\/v2\/product\/60093\/revisions\/95489"}],"wp:featuredmedia":[{"embeddable":true,"href":"https:\/\/movio.be\/fr\/wp-json\/wp\/v2\/media\/60095"}],"wp:attachment":[{"href":"https:\/\/movio.be\/fr\/wp-json\/wp\/v2\/media?parent=60093"}],"wp:term":[{"taxonomy":"product_brand","embeddable":true,"href":"https:\/\/movio.be\/fr\/wp-json\/wp\/v2\/product_brand?post=60093"},{"taxonomy":"product_cat","embeddable":true,"href":"https:\/\/movio.be\/fr\/wp-json\/wp\/v2\/product_cat?post=60093"},{"taxonomy":"product_tag","embeddable":true,"href":"https:\/\/movio.be\/fr\/wp-json\/wp\/v2\/product_tag?post=60093"}],"curies":[{"name":"wp","href":"https:\/\/api.w.org\/{rel}","templated":true}]}}

Arbour 160 g/m² 3x3x2,6 m couleur crème

<p>Ce gazebo offre un abri idéal lorsque vous recevez votre famille et vos amis pour des barbecues, des pique-niques, des fêtes d'anniversaire et d'autres événements dans votre jardin. Ce pavillon est construit en acier massif, ce qui le rend solide et robuste pour une utilisation en extérieur. Le toit offre une protection contre la pluie et la lumière brûlante du soleil, ce qui vous permet de profiter sans souci des événements en plein air. Veuillez noter que ce produit ne doit JAMAIS être utilisé dans des conditions météorologiques défavorables, telles que des vents forts, de fortes pluies, de la neige ou des tempêtes.</p>

<ul>
<li>Couleur : crème</li>
<li>Matériau : tissu et acier</li>
<li>Dimensions totales : 3 x 3 x 2,6 m (L x L x H)</li>
<li>Hauteur de l'avant-toit : 2 m</li>
<li>Toit anti-poussière : 160 g/m².</li>
<li>Assemblage nécessaire</li>
</ul>
