{"id":11967,"date":"2025-05-14T13:10:19","date_gmt":"2025-05-14T13:10:19","guid":{"rendered":"https:\/\/movio.be\/product\/provira-opbergbankje-40x425x50-cm-bewerkt-hout-grijs-sonoma-eikenkleur\/"},"modified":"2026-04-27T14:10:02","modified_gmt":"2026-04-27T14:10:02","slug":"provira-opbergbankje-40x425x50-cm-bewerkt-hout-grijs-sonoma-eikenkleur","status":"publish","type":"product","link":"https:\/\/movio.be\/fr\/product\/provira-opbergbankje-40x425x50-cm-bewerkt-hout-grijs-sonoma-eikenkleur\/","title":{"rendered":"Opbergbankje 40&#215;42,5&#215;50 cm bewerkt hout grijs sonoma eikenkleur"},"content":{"rendered":"<p>Deze opbergbank, is ontworpen voor opslag en om op te zitten. Hij is een blikvanger in je interieur. Stevige constructie: het bewerkte hout is van hoge kwaliteit, heeft een glad oppervlak en is sterk, stabiel en vochtbestendig. Het metalen frame biedt de bank stevigheid en stabiliteit.Veel opbergruimte: het gangbankje heeft veel opbergruimte voor het organiseren van kleding, speelgoed, kussens, boeken of andere spullen die je uit het zicht wilt verbergen.Verstelbare poten: de verstelbare poten met kunststof voetjes houden het gangbankje op oneffen ondergrond in evenwicht en verhogen de stabiliteit.Veelzijdig te gebruiken: het bankje is perfect te gebruiken als schoenenbankje in de gang, een opbergbankje in de woonkamer of een bedbankje in de slaapkamer. Maximaal 110 kg per zitting.<\/p>","protected":false},"excerpt":{"rendered":"<ul>\n<li>Couleur : gris ch\u00eane sonoma<\/li>\n<li>Mat\u00e9riau : bois travaill\u00e9 et m\u00e9tal<\/li>\n<li>Afmetingen: 40 x 42,5 x 50 cm (B x D x H)<\/li>\n<li>Capacit\u00e9 de charge (totale) : 110 kg<\/li>\n<li>Draagvermogen (onderste schap): 45 kg<\/li>\n<li>Montage n\u00e9cessaire : oui<\/li>\n<\/ul>","protected":false},"featured_media":11969,"comment_status":"closed","ping_status":"open","template":"","meta":[],"product_brand":[81],"product_cat":[1453,1455,1234],"product_tag":[97,1881,139,1846,1825,101,84,1845,789,166,1785,1826],"class_list":{"0":"post-11967","1":"product","2":"type-product","3":"status-publish","4":"has-post-thumbnail","6":"product_brand-provira","7":"product_cat-bankjes","8":"product_cat-opberg-halbankjes","9":"product_cat-meubelen","10":"product_tag-bankje","11":"product_tag-bedbank","12":"product_tag-bewerkt-hout","13":"product_tag-effen","14":"product_tag-glad-oppervlak","15":"product_tag-grijs","16":"product_tag-hout","17":"product_tag-met-kunststof","18":"product_tag-modern","19":"product_tag-rattan-look","20":"product_tag-stabiel","21":"product_tag-vochtbestendig","22":"pa_afwerking-effen","23":"pa_afwerking-glad-oppervlak","24":"pa_afwerking-stabiel","25":"pa_afwerking-vochtbestendig","26":"pa_functie-met-kunststof","27":"pa_kleur-grijs","28":"pa_materiaal-hout","29":"pa_producttype-bankje","30":"pa_producttype-bedbank","31":"pa_stijl-modern","32":"pa_stijl-rattan-look","34":"first","35":"instock","36":"sale","37":"purchasable","38":"product-type-simple"},"_links":{"self":[{"href":"https:\/\/movio.be\/fr\/wp-json\/wp\/v2\/product\/11967","targetHints":{"allow":["GET"]}}],"collection":[{"href":"https:\/\/movio.be\/fr\/wp-json\/wp\/v2\/product"}],"about":[{"href":"https:\/\/movio.be\/fr\/wp-json\/wp\/v2\/types\/product"}],"replies":[{"embeddable":true,"href":"https:\/\/movio.be\/fr\/wp-json\/wp\/v2\/comments?post=11967"}],"version-history":[{"count":2,"href":"https:\/\/movio.be\/fr\/wp-json\/wp\/v2\/product\/11967\/revisions"}],"predecessor-version":[{"id":91642,"href":"https:\/\/movio.be\/fr\/wp-json\/wp\/v2\/product\/11967\/revisions\/91642"}],"wp:featuredmedia":[{"embeddable":true,"href":"https:\/\/movio.be\/fr\/wp-json\/wp\/v2\/media\/11969"}],"wp:attachment":[{"href":"https:\/\/movio.be\/fr\/wp-json\/wp\/v2\/media?parent=11967"}],"wp:term":[{"taxonomy":"product_brand","embeddable":true,"href":"https:\/\/movio.be\/fr\/wp-json\/wp\/v2\/product_brand?post=11967"},{"taxonomy":"product_cat","embeddable":true,"href":"https:\/\/movio.be\/fr\/wp-json\/wp\/v2\/product_cat?post=11967"},{"taxonomy":"product_tag","embeddable":true,"href":"https:\/\/movio.be\/fr\/wp-json\/wp\/v2\/product_tag?post=11967"}],"curies":[{"name":"wp","href":"https:\/\/api.w.org\/{rel}","templated":true}]}}

<ul>
<li>Couleur : gris chêne sonoma</li>
<li>Matériau : bois travaillé et métal</li>
<li>Afmetingen: 40 x 42,5 x 50 cm (B x D x H)</li>
<li>Capacité de charge (totale) : 110 kg</li>
<li>Draagvermogen (onderste schap): 45 kg</li>
<li>Montage nécessaire : oui</li>
</ul>
