{"id":11753,"date":"2025-05-14T13:08:48","date_gmt":"2025-05-14T13:08:48","guid":{"rendered":"https:\/\/movio.be\/product\/provira-eetkamerbank-248x32x45-cm-staal-en-kunstleer-zwart\/"},"modified":"2026-04-27T14:10:00","modified_gmt":"2026-04-27T14:10:00","slug":"provira-eetkamerbank-248x32x45-cm-staal-en-kunstleer-zwart","status":"publish","type":"product","link":"https:\/\/movio.be\/fr\/product\/provira-eetkamerbank-248x32x45-cm-staal-en-kunstleer-zwart\/","title":{"rendered":"Banc de salle \u00e0 manger 248x32x45 cm acier et simili cuir noir"},"content":{"rendered":"<p>Cr\u00e9ez un environnement chaleureux et accueillant dans votre espace de vie avec ce banc de table de salle \u00e0 manger. Structure stable : l'acier est un mat\u00e9riau exceptionnellement dur et solide. Il offre robustesse et stabilit\u00e9. Le rev\u00eatement en poudre sur la surface de l'acier forme une couche protectrice contre la rouille, la corrosion et l'usure.Assise confortable : gr\u00e2ce au coussin d'assise int\u00e9gr\u00e9 et \u00e9pais, vous b\u00e9n\u00e9ficierez d'un confort ultime en vous asseyant.Utilisation polyvalente : le banc a un look simple et \u00e9l\u00e9gant et convient parfaitement comme banc de salle \u00e0 manger ou comme banc de hall d'entr\u00e9e. Charge maximale de 110 kg par si\u00e8ge.<\/p>","protected":false},"excerpt":{"rendered":"<ul>\n<li><strong>Banque :<\/strong><\/li>\n<li>Mat\u00e9riau : acier peint par poudrage<\/li>\n<li>Totale afmetingen (met kussen): 248 x 32 x 45 cm (L x B x H)<\/li>\n<li>Capacit\u00e9 de charge : 110 kg<\/li>\n<li><strong>Oreiller :<\/strong><\/li>\n<li>Couleur : noir<\/li>\n<li>Mati\u00e8re : cuir artificiel (60% PU, 30% polyester, 10% coton)<\/li>\n<li>Mat\u00e9riau de rembourrage : mousse<\/li>\n<li>Dimensions (chacune) : 60 x 30 x 5 cm (L x L x P)<\/li>\n<li>Montage n\u00e9cessaire : oui<\/li>\n<\/ul>","protected":false},"featured_media":11755,"comment_status":"closed","ping_status":"open","template":"","meta":[],"product_brand":[81],"product_cat":[1453,1454,1234],"product_tag":[97,1807,353,271,151,1785,133],"class_list":{"0":"post-11753","1":"product","2":"type-product","3":"status-publish","4":"has-post-thumbnail","6":"product_brand-provira","7":"product_cat-bankjes","8":"product_cat-keuken-eettafelbanken","9":"product_cat-meubelen","10":"product_tag-bankje","11":"product_tag-design","12":"product_tag-mat","13":"product_tag-met-kussens","14":"product_tag-staal","15":"product_tag-stabiel","16":"product_tag-zwart","17":"pa_afwerking-mat","18":"pa_afwerking-stabiel","19":"pa_functie-met-kussens","20":"pa_kleur-zwart","21":"pa_materiaal-staal","22":"pa_producttype-bankje","23":"pa_stijl-design","25":"first","26":"instock","27":"sale","28":"purchasable","29":"product-type-simple"},"_links":{"self":[{"href":"https:\/\/movio.be\/fr\/wp-json\/wp\/v2\/product\/11753","targetHints":{"allow":["GET"]}}],"collection":[{"href":"https:\/\/movio.be\/fr\/wp-json\/wp\/v2\/product"}],"about":[{"href":"https:\/\/movio.be\/fr\/wp-json\/wp\/v2\/types\/product"}],"replies":[{"embeddable":true,"href":"https:\/\/movio.be\/fr\/wp-json\/wp\/v2\/comments?post=11753"}],"version-history":[{"count":2,"href":"https:\/\/movio.be\/fr\/wp-json\/wp\/v2\/product\/11753\/revisions"}],"predecessor-version":[{"id":93955,"href":"https:\/\/movio.be\/fr\/wp-json\/wp\/v2\/product\/11753\/revisions\/93955"}],"wp:featuredmedia":[{"embeddable":true,"href":"https:\/\/movio.be\/fr\/wp-json\/wp\/v2\/media\/11755"}],"wp:attachment":[{"href":"https:\/\/movio.be\/fr\/wp-json\/wp\/v2\/media?parent=11753"}],"wp:term":[{"taxonomy":"product_brand","embeddable":true,"href":"https:\/\/movio.be\/fr\/wp-json\/wp\/v2\/product_brand?post=11753"},{"taxonomy":"product_cat","embeddable":true,"href":"https:\/\/movio.be\/fr\/wp-json\/wp\/v2\/product_cat?post=11753"},{"taxonomy":"product_tag","embeddable":true,"href":"https:\/\/movio.be\/fr\/wp-json\/wp\/v2\/product_tag?post=11753"}],"curies":[{"name":"wp","href":"https:\/\/api.w.org\/{rel}","templated":true}]}}

Banc de salle à manger 248x32x45 cm acier et simili cuir noir

<p>Créez un environnement chaleureux et accueillant dans votre espace de vie avec ce banc de table de salle à manger. Structure stable : l'acier est un matériau exceptionnellement dur et solide. Il offre robustesse et stabilité. Le revêtement en poudre sur la surface de l'acier forme une couche protectrice contre la rouille, la corrosion et l'usure.Assise confortable : grâce au coussin d'assise intégré et épais, vous bénéficierez d'un confort ultime en vous asseyant.Utilisation polyvalente : le banc a un look simple et élégant et convient parfaitement comme banc de salle à manger ou comme banc de hall d'entrée. Charge maximale de 110 kg par siège.</p>

<ul>
<li><strong>Banque :</strong></li>
<li>Matériau : acier peint par poudrage</li>
<li>Totale afmetingen (met kussen): 248 x 32 x 45 cm (L x B x H)</li>
<li>Capacité de charge : 110 kg</li>
<li><strong>Oreiller :</strong></li>
<li>Couleur : noir</li>
<li>Matière : cuir artificiel (60% PU, 30% polyester, 10% coton)</li>
<li>Matériau de rembourrage : mousse</li>
<li>Dimensions (chacune) : 60 x 30 x 5 cm (L x L x P)</li>
<li>Montage nécessaire : oui</li>
</ul>
